{"version":"1.0","provider_name":"Baba S\u00e9f","provider_url":"https:\/\/babasef.cafeblog.hu","author_name":"Te\u00f3 S\u00e9fje","author_url":"https:\/\/babasef.cafeblog.hu\/author\/teo_sefje\/","title":"Any\u00e1s kaj\u00e1k","html":"Kenyeret \u00e1llapotosan kezdtem el s\u00fctni. Addig eszembe sem jutott. Igaz enni se nagyon ettem, de m\u00e1r az \u00e9leszt\u0151 elriasztott a pr\u00f3b\u00e1lkoz\u00e1st\u00f3l. Mikor ezt t\u00e1rgyaltuk Facebookon m\u00e1s is eml\u00edtette, hogy a kelt t\u00e9szta \u00e9s az any\u00e1v\u00e1 v\u00e1l\u00e1s n\u00e1la is \u00f6sszef\u00fcgg. Az\u00f3ta figyelem, hogy mennyire v\u00e1ltoztak, v\u00e1ltoznak meg f\u0151z\u00e9si szok\u00e1saim mi\u00f3ta Te\u00f3 a f\u0151n\u00f6k.\r\n\r\n[caption id=\"attachment_448\" align=\"alignleft\" width=\"150\"]<a href=\"https:\/\/babasef.cafeblog.hu\/files\/2014\/07\/pogi2.jpg\"><img class=\"wp-image-448 size-thumbnail\" src=\"https:\/\/babasef.cafeblog.hu\/files\/2014\/07\/pogi2-150x150.jpg\" alt=\"Egy tepsi sosem el\u00e9g\" width=\"150\" height=\"150\" \/><\/a> Egy tepsi sosem el\u00e9g[\/caption]\r\n\r\n<strong>S\u00fcti s\u00fcti pog\u00e1csa<\/strong>\r\n\r\n\u00c9s nemcsak <a href=\"https:\/\/babasef.cafeblog.hu\/2014\/07\/17\/a-legegyszerubb-puha-pogacsa\/\">pog\u00e1csa<\/a>, hanem kaka\u00f3s csiga \u00e9s sajtos r\u00fad meg<a href=\"https:\/\/babasef.cafeblog.hu\/2014\/07\/12\/szamolt-meggyes-piskota\/\"> meggyes pisk\u00f3ta<\/a>. Hogy mindig legyen itthon valami, \u00e9des vagy s\u00f3s, amit a gyerek kez\u00e9be lehet adni. \u00c9s ha veszem a boltban, akkor lelkiismeretfurdalok kicsit, mert biztos tele van adal\u00e9kkal \u00e9s persze dr\u00e1g\u00e1bb is, mint ha \u00e9n k\u00e9sz\u00edten\u00e9m el.\r\n\r\nEz teh\u00e1t egy\u00e9rtelm\u0171 v\u00e1ltoz\u00e1s, hogy sokkal t\u00f6bbet megy a s\u00fct\u0151, t\u00f6bb p\u00e9k\u00e1ru \u00e9s s\u00fctem\u00e9ny k\u00e9sz\u00fcl itthon, mint eddig b\u00e1rmikor.\r\n\r\n[caption id=\"attachment_42\" align=\"alignright\" width=\"150\"]<a href=\"https:\/\/babasef.cafeblog.hu\/files\/2014\/03\/1.jpg\"><img class=\"wp-image-42 size-thumbnail\" src=\"https:\/\/babasef.cafeblog.hu\/files\/2014\/03\/1-150x150.jpg\" alt=\"meggysz\u00f3sz\" width=\"150\" height=\"150\" \/><\/a> meggysz\u00f3sz[\/caption]\r\n\r\n<strong>Sok gy\u00fcm\u00f6lcs \u00e9s gy\u00fcm\u00f6lcs\u00f6s<\/strong>\r\n\r\nEz egy nagyon pozit\u00edv v\u00e1ltoz\u00e1s. Mindig van itthon friss gy\u00fcm\u00f6lcs, mert az kell a bab\u00e1nak. \u00c9s ami marad az a mi\u00e9nk, \u00edgy t\u00e9nyleg esz\u00fcnk minden nap k\u00e9tszer gy\u00fcmit. A s\u00fctik egy r\u00e9sze is a f\u00e1radt gy\u00fcm\u00f6lcs\u00f6kb\u0151l lesz. Mert kidobni b\u0171n lenne a meggyet, legyen ink\u00e1bb pisk\u00f3ta bel\u0151le. De ilyen k\u00e9nyszerb\u0151l sz\u00fcleti gyakran turmix (ami szint\u00e9n remek uszonna lehet, n\u00e1lunk a meggy ban\u00e1n komb\u00f3 a men\u0151) vagy smoothie is.\r\n\r\n[caption id=\"attachment_390\" align=\"alignleft\" width=\"150\"]<a href=\"https:\/\/babasef.cafeblog.hu\/files\/2014\/06\/toltottpapr.jpg\"><img class=\"wp-image-390 size-thumbnail\" src=\"https:\/\/babasef.cafeblog.hu\/files\/2014\/06\/toltottpapr-150x150.jpg\" alt=\"ez Te\u00f3 adagja\" width=\"150\" height=\"150\" \/><\/a> ez Te\u00f3 adagja[\/caption]\r\n\r\n<strong>T\u00f6bb a klasszikus kaja<\/strong>\r\n\r\nNa erre m\u00e1r nehezebb magyar\u00e1zatot tal\u00e1lni. Eddig sose csin\u00e1ltam <a href=\"https:\/\/babasef.cafeblog.hu\/2014\/06\/29\/egy-klasszkus-toltott-paprika\/\">t\u00f6lt\u00f6tt paprik\u00e1t<\/a> p\u00e9ld\u00e1ul. Most egyik kedvenc\u00fcnk lett. De gyakoribb a konyh\u00e1mban a paprik\u00e1s csirke vagy a fokhagym\u00e1s oldalas is, mint Te\u00f3 sz\u00fclet\u00e9se el\u0151tt. Nagyobb a hajland\u00f3s\u00e1g bennem, hogy a nagyi receptjeit vegyem el\u0151 \u00e9s haszn\u00e1ljam, mint eddig. Nem veszett el a k\u00eds\u00e9rletez\u0151 kedv sem, de ez az oldal er\u0151s\u00f6d\u00f6tt. Vajon az\u00e9rt, mert a nagyi f\u0151ztje az \u00e9n etalonom \u00e9s azt szeretn\u00e9m, hogy ez (vagy valami ilyesmi) legyen a Te\u00f3 \u00edzl\u00e9s\u00e9nek alapja is? Vagy csak \u00f6regszem \u00e9s jobban vonzanak a klasszikusok minden fronton?\r\n\r\nN\u00e1latok, azont\u00fal hogy pr\u00f3b\u00e1ltok eg\u00e9szs\u00e9gesebben f\u0151zni, enni, hozott v\u00e1ltoz\u00e1st az anyas\u00e1g a f\u0151z\u00e9si szok\u00e1saitokban?","type":"rich","thumbnail_url":"https:\/\/babasef.cafeblog.hu\/files\/2014\/05\/brokkolifasirt-150x150.jpg","thumbnail_width":150,"thumbnail_height":150}

Baba Séf

Teó Séfje

Anyás kaják

Kenyeret állapotosan kezdtem el sütni. Addig eszembe sem jutott. Igaz enni se nagyon ettem, de már az élesztő elriasztott a próbálkozástól. Mikor ezt tárgyaltuk Facebookon más is említette, hogy a kelt tészta és az anyává válás nála is összefügg. Azóta figyelem, hogy mennyire változtak, változnak meg főzési szokásaim mióta Teó a főnök.

[caption id="attachment_448" align="alignleft" width="150"]<a href="https://babasef.cafeblog.hu/files/2014/07/pogi2.jpg"><img class="wp-image-448 size-thumbnail" src="https://babasef.cafeblog.hu/files/2014/07/pogi2-150x150.jpg" alt="Egy tepsi sosem elég" width="150" height="150" /></a> Egy tepsi sosem elég[/caption]

<strong>Süti süti pogácsa</strong>

És nemcsak <a href="https://babasef.cafeblog.hu/2014/07/17/a-legegyszerubb-puha-pogacsa/">pogácsa</a>, hanem kakaós csiga és sajtos rúd meg<a href="https://babasef.cafeblog.hu/2014/07/12/szamolt-meggyes-piskota/"> meggyes piskóta</a>. Hogy mindig legyen itthon valami, édes vagy sós, amit a gyerek kezébe lehet adni. És ha veszem a boltban, akkor lelkiismeretfurdalok kicsit, mert biztos tele van adalékkal és persze drágább is, mint ha én készíteném el.

Ez tehát egyértelmű változás, hogy sokkal többet megy a sütő, több pékáru és sütemény készül itthon, mint eddig bármikor.

[caption id="attachment_42" align="alignright" width="150"]<a href="https://babasef.cafeblog.hu/files/2014/03/1.jpg"><img class="wp-image-42 size-thumbnail" src="https://babasef.cafeblog.hu/files/2014/03/1-150x150.jpg" alt="meggyszósz" width="150" height="150" /></a> meggyszósz[/caption]

<strong>Sok gyümölcs és gyümölcsös</strong>

Ez egy nagyon pozitív változás. Mindig van itthon friss gyümölcs, mert az kell a babának. És ami marad az a miénk, így tényleg eszünk minden nap kétszer gyümit. A sütik egy része is a fáradt gyümölcsökből lesz. Mert kidobni bűn lenne a meggyet, legyen inkább piskóta belőle. De ilyen kényszerből születi gyakran turmix (ami szintén remek uszonna lehet, nálunk a meggy banán kombó a menő) vagy smoothie is.

[caption id="attachment_390" align="alignleft" width="150"]<a href="https://babasef.cafeblog.hu/files/2014/06/toltottpapr.jpg"><img class="wp-image-390 size-thumbnail" src="https://babasef.cafeblog.hu/files/2014/06/toltottpapr-150x150.jpg" alt="ez Teó adagja" width="150" height="150" /></a> ez Teó adagja[/caption]

<strong>Több a klasszikus kaja</strong>

Na erre már nehezebb magyarázatot találni. Eddig sose csináltam <a href="https://babasef.cafeblog.hu/2014/06/29/egy-klasszkus-toltott-paprika/">töltött paprikát</a> például. Most egyik kedvencünk lett. De gyakoribb a konyhámban a paprikás csirke vagy a fokhagymás oldalas is, mint Teó születése előtt. Nagyobb a hajlandóság bennem, hogy a nagyi receptjeit vegyem elő és használjam, mint eddig. Nem veszett el a kísérletező kedv sem, de ez az oldal erősödött. Vajon azért, mert a nagyi főztje az én etalonom és azt szeretném, hogy ez (vagy valami ilyesmi) legyen a Teó ízlésének alapja is? Vagy csak öregszem és jobban vonzanak a klasszikusok minden fronton?

Nálatok, azontúl hogy próbáltok egészségesebben főzni, enni, hozott változást az anyaság a főzési szokásaitokban?
