{"version":"1.0","provider_name":"Baba S\u00e9f","provider_url":"https:\/\/babasef.cafeblog.hu","author_name":"Te\u00f3 S\u00e9fje","author_url":"https:\/\/babasef.cafeblog.hu\/author\/teo_sefje\/","title":"Teszteld j\u00f3 anya vagy-e! ","html":"[caption id=\"attachment_72\" align=\"aligncenter\" width=\"410\"]<a href=\"https:\/\/babasef.cafeblog.hu\/files\/2014\/03\/1908396_10201107266193873_45294031_n.jpg\"><img class=\"size-full wp-image-72\" alt=\"j\u00f3 any\u00e1k :)\" src=\"https:\/\/babasef.cafeblog.hu\/files\/2014\/03\/1908396_10201107266193873_45294031_n.jpg\" width=\"410\" height=\"358\" \/><\/a> j\u00f3 any\u00e1k :)[\/caption]\r\n\r\nFogz\u00e1s \u00e9s kis mel\u00f3 miatt a k\u00f6vetkez\u0151 poszt v\u00e1rat mag\u00e1ra. De csak k\u00e9sik, nem m\u00falik! Addig is j\u00f3 \u00e9tv\u00e1gyat!","type":"rich","thumbnail_url":"https:\/\/babasef.cafeblog.hu\/files\/2014\/03\/1908396_10201107266193873_45294031_n-150x150.jpg","thumbnail_width":150,"thumbnail_height":150}

Baba Séf

Teó Séfje

Teszteld jó anya vagy-e!

[caption id="attachment_72" align="aligncenter" width="410"]<a href="https://babasef.cafeblog.hu/files/2014/03/1908396_10201107266193873_45294031_n.jpg"><img class="size-full wp-image-72" alt="jó anyák :)" src="https://babasef.cafeblog.hu/files/2014/03/1908396_10201107266193873_45294031_n.jpg" width="410" height="358" /></a> jó anyák :)[/caption]

Fogzás és kis meló miatt a következő poszt várat magára. De csak késik, nem múlik! Addig is jó étvágyat!
